{"id":8338,"date":"2025-07-16T08:46:46","date_gmt":"2025-07-16T06:46:46","guid":{"rendered":"https:\/\/perfectclinic.scrdesign.com\/kliniken\/perfekte-klinik-liberec\/"},"modified":"2026-03-06T10:21:18","modified_gmt":"2026-03-06T09:21:18","slug":"perfect-clinic-liberec","status":"publish","type":"page","link":"https:\/\/perfectclinic.scrdesign.com\/de\/kliniken\/perfect-clinic-liberec\/","title":{"rendered":"Perfect Clinic \u00b7 Liberec"},"content":{"rendered":"","protected":false},"excerpt":{"rendered":"","protected":false},"author":1,"featured_media":0,"parent":8317,"menu_order":0,"comment_status":"closed","ping_status":"closed","template":"single-clinic.php","meta":{"_acf_changed":false,"inline_featured_image":false,"footnotes":""},"folder":[],"class_list":["post-8338","page","type-page","status-publish","hentry"],"acf":[],"yoast_head":"<!-- This site is optimized with the Yoast SEO plugin v27.4 - https:\/\/yoast.com\/product\/yoast-seo-wordpress\/ -->\n<title>Liberec | Perfect Clinic<\/title>\n<meta name=\"description\" content=\"Die Liberecer Filiale der Perfect Clinic wurde 2018 er\u00f6ffnet und bietet seitdem Kunden aus Nordb\u00f6hmen \u00e4sthetische Pflege auf h\u00f6chstem Niveau.\" \/>\n<meta name=\"robots\" content=\"noindex, follow, max-snippet:-1, max-image-preview:large, max-video-preview:-1\" \/>\n<meta property=\"og:locale\" content=\"de_DE\" \/>\n<meta property=\"og:type\" content=\"article\" \/>\n<meta property=\"og:title\" content=\"Liberec | Perfect Clinic\" \/>\n<meta property=\"og:description\" content=\"Die Liberecer Filiale der Perfect Clinic wurde 2018 er\u00f6ffnet und bietet seitdem Kunden aus Nordb\u00f6hmen \u00e4sthetische Pflege auf h\u00f6chstem Niveau.\" \/>\n<meta property=\"og:url\" content=\"https:\/\/perfectclinic.scrdesign.com\/de\/kliniken\/perfect-clinic-liberec\/\" \/>\n<meta property=\"og:site_name\" content=\"Perfect Clinik\" \/>\n<meta property=\"article:modified_time\" content=\"2026-03-06T09:21:18+00:00\" \/>\n<meta name=\"twitter:card\" content=\"summary_large_image\" \/>\n<script type=\"application\/ld+json\" class=\"yoast-schema-graph\">{\"@context\":\"https:\\\/\\\/schema.org\",\"@graph\":[{\"@type\":\"WebPage\",\"@id\":\"https:\\\/\\\/perfectclinic.scrdesign.com\\\/de\\\/kliniken\\\/perfect-clinic-liberec\\\/\",\"url\":\"https:\\\/\\\/perfectclinic.scrdesign.com\\\/de\\\/kliniken\\\/perfect-clinic-liberec\\\/\",\"name\":\"Liberec | Perfect Clinic\",\"isPartOf\":{\"@id\":\"https:\\\/\\\/perfectclinic.scrdesign.com\\\/de\\\/#website\"},\"datePublished\":\"2025-07-16T06:46:46+00:00\",\"dateModified\":\"2026-03-06T09:21:18+00:00\",\"description\":\"Die Liberecer Filiale der Perfect Clinic wurde 2018 er\u00f6ffnet und bietet seitdem Kunden aus Nordb\u00f6hmen \u00e4sthetische Pflege auf h\u00f6chstem Niveau.\",\"breadcrumb\":{\"@id\":\"https:\\\/\\\/perfectclinic.scrdesign.com\\\/de\\\/kliniken\\\/perfect-clinic-liberec\\\/#breadcrumb\"},\"inLanguage\":\"de\",\"potentialAction\":[{\"@type\":\"ReadAction\",\"target\":[\"https:\\\/\\\/perfectclinic.scrdesign.com\\\/de\\\/kliniken\\\/perfect-clinic-liberec\\\/\"]}]},{\"@type\":\"BreadcrumbList\",\"@id\":\"https:\\\/\\\/perfectclinic.scrdesign.com\\\/de\\\/kliniken\\\/perfect-clinic-liberec\\\/#breadcrumb\",\"itemListElement\":[{\"@type\":\"ListItem\",\"position\":1,\"name\":\"Dom\u016f\",\"item\":\"https:\\\/\\\/perfectclinic.scrdesign.com\\\/de\\\/perfect-clinic-schoenheit-ist-eine-kunst-sie-sind-die-inspiration\\\/\"},{\"@type\":\"ListItem\",\"position\":2,\"name\":\"Kliniken\",\"item\":\"https:\\\/\\\/perfectclinic.scrdesign.com\\\/de\\\/kliniken\\\/\"},{\"@type\":\"ListItem\",\"position\":3,\"name\":\"Perfect Clinic \u00b7 Liberec\"}]},{\"@type\":\"WebSite\",\"@id\":\"https:\\\/\\\/perfectclinic.scrdesign.com\\\/de\\\/#website\",\"url\":\"https:\\\/\\\/perfectclinic.scrdesign.com\\\/de\\\/\",\"name\":\"Perfect Clinik\",\"description\":\"\",\"potentialAction\":[{\"@type\":\"SearchAction\",\"target\":{\"@type\":\"EntryPoint\",\"urlTemplate\":\"https:\\\/\\\/perfectclinic.scrdesign.com\\\/de\\\/?s={search_term_string}\"},\"query-input\":{\"@type\":\"PropertyValueSpecification\",\"valueRequired\":true,\"valueName\":\"search_term_string\"}}],\"inLanguage\":\"de\"}]}<\/script>\n<!-- \/ Yoast SEO plugin. -->","yoast_head_json":{"title":"Liberec | Perfect Clinic","description":"Die Liberecer Filiale der Perfect Clinic wurde 2018 er\u00f6ffnet und bietet seitdem Kunden aus Nordb\u00f6hmen \u00e4sthetische Pflege auf h\u00f6chstem Niveau.","robots":{"index":"noindex","follow":"follow","max-snippet":"max-snippet:-1","max-image-preview":"max-image-preview:large","max-video-preview":"max-video-preview:-1"},"og_locale":"de_DE","og_type":"article","og_title":"Liberec | Perfect Clinic","og_description":"Die Liberecer Filiale der Perfect Clinic wurde 2018 er\u00f6ffnet und bietet seitdem Kunden aus Nordb\u00f6hmen \u00e4sthetische Pflege auf h\u00f6chstem Niveau.","og_url":"https:\/\/perfectclinic.scrdesign.com\/de\/kliniken\/perfect-clinic-liberec\/","og_site_name":"Perfect Clinik","article_modified_time":"2026-03-06T09:21:18+00:00","twitter_card":"summary_large_image","schema":{"@context":"https:\/\/schema.org","@graph":[{"@type":"WebPage","@id":"https:\/\/perfectclinic.scrdesign.com\/de\/kliniken\/perfect-clinic-liberec\/","url":"https:\/\/perfectclinic.scrdesign.com\/de\/kliniken\/perfect-clinic-liberec\/","name":"Liberec | Perfect Clinic","isPartOf":{"@id":"https:\/\/perfectclinic.scrdesign.com\/de\/#website"},"datePublished":"2025-07-16T06:46:46+00:00","dateModified":"2026-03-06T09:21:18+00:00","description":"Die Liberecer Filiale der Perfect Clinic wurde 2018 er\u00f6ffnet und bietet seitdem Kunden aus Nordb\u00f6hmen \u00e4sthetische Pflege auf h\u00f6chstem Niveau.","breadcrumb":{"@id":"https:\/\/perfectclinic.scrdesign.com\/de\/kliniken\/perfect-clinic-liberec\/#breadcrumb"},"inLanguage":"de","potentialAction":[{"@type":"ReadAction","target":["https:\/\/perfectclinic.scrdesign.com\/de\/kliniken\/perfect-clinic-liberec\/"]}]},{"@type":"BreadcrumbList","@id":"https:\/\/perfectclinic.scrdesign.com\/de\/kliniken\/perfect-clinic-liberec\/#breadcrumb","itemListElement":[{"@type":"ListItem","position":1,"name":"Dom\u016f","item":"https:\/\/perfectclinic.scrdesign.com\/de\/perfect-clinic-schoenheit-ist-eine-kunst-sie-sind-die-inspiration\/"},{"@type":"ListItem","position":2,"name":"Kliniken","item":"https:\/\/perfectclinic.scrdesign.com\/de\/kliniken\/"},{"@type":"ListItem","position":3,"name":"Perfect Clinic \u00b7 Liberec"}]},{"@type":"WebSite","@id":"https:\/\/perfectclinic.scrdesign.com\/de\/#website","url":"https:\/\/perfectclinic.scrdesign.com\/de\/","name":"Perfect Clinik","description":"","potentialAction":[{"@type":"SearchAction","target":{"@type":"EntryPoint","urlTemplate":"https:\/\/perfectclinic.scrdesign.com\/de\/?s={search_term_string}"},"query-input":{"@type":"PropertyValueSpecification","valueRequired":true,"valueName":"search_term_string"}}],"inLanguage":"de"}]}},"_links":{"self":[{"href":"https:\/\/perfectclinic.scrdesign.com\/de\/wp-json\/wp\/v2\/pages\/8338","targetHints":{"allow":["GET"]}}],"collection":[{"href":"https:\/\/perfectclinic.scrdesign.com\/de\/wp-json\/wp\/v2\/pages"}],"about":[{"href":"https:\/\/perfectclinic.scrdesign.com\/de\/wp-json\/wp\/v2\/types\/page"}],"author":[{"embeddable":true,"href":"https:\/\/perfectclinic.scrdesign.com\/de\/wp-json\/wp\/v2\/users\/1"}],"replies":[{"embeddable":true,"href":"https:\/\/perfectclinic.scrdesign.com\/de\/wp-json\/wp\/v2\/comments?post=8338"}],"version-history":[{"count":2,"href":"https:\/\/perfectclinic.scrdesign.com\/de\/wp-json\/wp\/v2\/pages\/8338\/revisions"}],"predecessor-version":[{"id":8601,"href":"https:\/\/perfectclinic.scrdesign.com\/de\/wp-json\/wp\/v2\/pages\/8338\/revisions\/8601"}],"up":[{"embeddable":true,"href":"https:\/\/perfectclinic.scrdesign.com\/de\/wp-json\/wp\/v2\/pages\/8317"}],"wp:attachment":[{"href":"https:\/\/perfectclinic.scrdesign.com\/de\/wp-json\/wp\/v2\/media?parent=8338"}],"wp:term":[{"taxonomy":"folder","embeddable":true,"href":"https:\/\/perfectclinic.scrdesign.com\/de\/wp-json\/wp\/v2\/folder?post=8338"}],"curies":[{"name":"wp","href":"https:\/\/api.w.org\/{rel}","templated":true}]}}

<!-- This site is optimized with the Yoast SEO plugin v27.4 - https://yoast.com/product/yoast-seo-wordpress/ -->
<title>Liberec | Perfect Clinic</title>
<meta name="description" content="Die Liberecer Filiale der Perfect Clinic wurde 2018 eröffnet und bietet seitdem Kunden aus Nordböhmen ästhetische Pflege auf höchstem Niveau." />
<meta name="robots" content="noindex, follow, max-snippet:-1, max-image-preview:large, max-video-preview:-1" />
<meta property="og:locale" content="de_DE" />
<meta property="og:type" content="article" />
<meta property="og:title" content="Liberec | Perfect Clinic" />
<meta property="og:description" content="Die Liberecer Filiale der Perfect Clinic wurde 2018 eröffnet und bietet seitdem Kunden aus Nordböhmen ästhetische Pflege auf höchstem Niveau." />
<meta property="og:url" content="https://perfectclinic.scrdesign.com/de/kliniken/perfect-clinic-liberec/" />
<meta property="og:site_name" content="Perfect Clinik" />
<meta property="article:modified_time" content="2026-03-06T09:21:18+00:00" />
<meta name="twitter:card" content="summary_large_image" />
<script type="application/ld+json" class="yoast-schema-graph">{"@context":"https:\/\/schema.org","@graph":[{"@type":"WebPage","@id":"https:\/\/perfectclinic.scrdesign.com\/de\/kliniken\/perfect-clinic-liberec\/","url":"https:\/\/perfectclinic.scrdesign.com\/de\/kliniken\/perfect-clinic-liberec\/","name":"Liberec | Perfect Clinic","isPartOf":{"@id":"https:\/\/perfectclinic.scrdesign.com\/de\/#website"},"datePublished":"2025-07-16T06:46:46+00:00","dateModified":"2026-03-06T09:21:18+00:00","description":"Die Liberecer Filiale der Perfect Clinic wurde 2018 eröffnet und bietet seitdem Kunden aus Nordböhmen ästhetische Pflege auf höchstem Niveau.","breadcrumb":{"@id":"https:\/\/perfectclinic.scrdesign.com\/de\/kliniken\/perfect-clinic-liberec\/#breadcrumb"},"inLanguage":"de","potentialAction":[{"@type":"ReadAction","target":["https:\/\/perfectclinic.scrdesign.com\/de\/kliniken\/perfect-clinic-liberec\/"]}]},{"@type":"BreadcrumbList","@id":"https:\/\/perfectclinic.scrdesign.com\/de\/kliniken\/perfect-clinic-liberec\/#breadcrumb","itemListElement":[{"@type":"ListItem","position":1,"name":"Domů","item":"https:\/\/perfectclinic.scrdesign.com\/de\/perfect-clinic-schoenheit-ist-eine-kunst-sie-sind-die-inspiration\/"},{"@type":"ListItem","position":2,"name":"Kliniken","item":"https:\/\/perfectclinic.scrdesign.com\/de\/kliniken\/"},{"@type":"ListItem","position":3,"name":"Perfect Clinic · Liberec"}]},{"@type":"WebSite","@id":"https:\/\/perfectclinic.scrdesign.com\/de\/#website","url":"https:\/\/perfectclinic.scrdesign.com\/de\/","name":"Perfect Clinik","description":"","potentialAction":[{"@type":"SearchAction","target":{"@type":"EntryPoint","urlTemplate":"https:\/\/perfectclinic.scrdesign.com\/de\/?s={search_term_string}"},"query-input":{"@type":"PropertyValueSpecification","valueRequired":true,"valueName":"search_term_string"}}],"inLanguage":"de"}]}</script>
<!-- / Yoast SEO plugin. -->

Die Liberecer Filiale der Perfect Clinic wurde 2018 eröffnet und bietet seitdem Kunden aus Nordböhmen ästhetische Pflege auf höchstem Niveau.

Domů
